f = -5*s - 680, -s - 44 = 5*f + 76. Let g = -49 - s. Calculate the highest common factor of k and g.
13
Let k = 406 + -219. Calculate the greatest common factor of k and 17.
17
Let d(w) = 15*w**3 - 2*w**2 - 4*w + 4. Let y be d(2). Calculate the highest common factor of 27 and y.
27
Suppose 0 = -2*n + 3*m + 142, 563 - 182 = 5*n - m. Calculate the highest common factor of n and 11.
11
Suppose -i - 6 = -16. What is the greatest common divisor of 65 and i?
5
Let g = 10 - 6. Let k(f) = f**3 - 3*f**2 - 3*f - 1. Let n be k(g). Suppose 0 = -n*x - 4 + 37. What is the highest common divisor of x and 44?
11
Let c be (-111)/(-6) - 15/(-10). What is the greatest common divisor of c and 20?
20
Let u be ((-2)/3)/1*-3. Let n be (-130)/(-25) - 1/5. Suppose n*a - 11 - 14 = 0. What is the greatest common factor of u and a?
1
Suppose 6*j + 3*z = 3*j + 282, 4*j - 2*z = 388. Let g be 2 + 2 + (-1 - 1). Let q(c) = 6*c. Let l be q(g). Calculate the highest common divisor of j and l.
12
Let d be 0/((2/(-1))/(-1)). Let f = 2 - d. Let j(i) = 5*i. Let r be j(f). What is the greatest common factor of r and 70?
10
Let p = -6 - -11. Let m = p - -40. Suppose 0 = 4*f - 69 + 9. What is the highest common divisor of m and f?
15
Let g(z) = -6 + 0 - z**3 - 2*z + 2 + 7*z**3. Let b be g(3). What is the highest common factor of 19 and b?
19
Suppose -7*c + 165 = -4*c. Let x = 9 + c. Calculate the highest common divisor of 16 and x.
16
Let z = 17 - 8. Let x = 10 + -1. What is the highest common factor of z and x?
9
Suppose -2*x = 2*q + x - 59, q = 4*x + 13. Calculate the greatest common divisor of q and 50.
25
Let a(t) = t**3 - t**2 - 3*t + 3. Let s be a(2). Let q = -10 - -47. Suppose -4*x - 5 = -q. What is the greatest common divisor of x and s?
1
Let b = 5 + 0. Suppose b*c - 3*f - 118 = f, 20 = c + f. Calculate the highest common factor of c and 11.
11
Let r(h) = -h + 8 - h**2 - 3*h + 6*h. Let t be r(0). Let z(x) = 9*x**2 - 1. Let i be z(-1). What is the highest common divisor of i and t?
8
Let l be (-1 + 4 + -1)*-3. Let c = -4 - l. Suppose c*v - 6*v = -p + 16, -5*p + v = -61. Calculate the highest common divisor of 4 and p.
4
Suppose -5*n + a + 824 = 0, 3*a = -3*n + a + 497. Let u(q) = q**2 + 10*q + 4. Let m be u(-11). What is the highest common factor of m and n?
15
Let f be 572/6 - 2/(-3). Let s(d) = d**3 + d + 2. Let j be s(2). Calculate the highest common factor of f and j.
12
Suppose 2*z - 2*c - 4 = 4*z, -2*c + 2 = 4*z. What is the highest common factor of z and 9?
3
Let t be (-1 + -27)*(-60)/(-14). Suppose -2*b - 164 = -0*s + s, -3*b - 4*s = 256. Let p = b - t. Calculate the greatest common factor of p and 5.
5
Let s be (3 - (-308)/(-4))*6/(-12). Calculate the highest common divisor of s and 333.
37
Let t = -52 - -61. Calculate the highest common divisor of 9 and t.
9
Let f be ((-24)/(-30))/(4/(-10)). Let u be ((-1)/(-2))/(f/(-104)). What is the highest common divisor of u and 52?
26
Let x be -4 - 6 - -1*1. Let v(n) = -n**2 - 10*n - 1. Let z be v(x). Calculate the highest common divisor of 32 and z.
8
Let p = 14 + -11. Let r be 194/8 + p/(-12). Let g = 0 - -3. What is the greatest common divisor of g and r?
3
Suppose 0 = u - 4*l + 4 - 16, u - 5*l - 14 = 0. Let x = 4 + -6. Let c be 1*-32*(x + 1). What is the greatest common factor of c and u?
4
Let q be (-1)/2*(-216)/9. Calculate the highest common divisor of q and 3.
3
Let l(q) = 98*q + 4. Let s be l(4). Suppose 3*c + 0*c = s. Suppose p + 2*p = c. Calculate the highest common divisor of 11 and p.
11
Let c be (2 - 6/2)*9. Let l be (-3 - c)/(6/28). Suppose -4*h + 13 = -3. What is the greatest common divisor of h and l?
4
Suppose -3*x = -5*h + 24, 2*h + 2*h - 2*x - 20 = 0. Suppose 0 = 5*i - 10*i + 270. Calculate the greatest common divisor of i and h.
6
Let y(f) = f**3 + 8*f**2 - 4*f - 9. Let j be y(-8). Calculate the greatest common divisor of 161 and j.
23
Suppose -3*t = -7*t + 224. Let b be (-14)/6 - 6/9. Let c be -4*2/3*b. Calculate the greatest common factor of c and t.
8
Suppose -82 = -5*h + 4*r, -32 = -5*h - 3*r + 64. Suppose -3*w = -0*w + 27. Let n be w/(-1 + 11/12). Calculate the greatest common divisor of h and n.
18
Let t(a) = -1 - 3*a + 6*a**2 - a**3 + 9*a + 0*a**3. Let c be t(4). Suppose -6 - 4 = -2*g. What is the greatest common divisor of c and g?
5
Suppose -m - 5*w + 3 = 3*m, -6 = 2*m + 4*w. Let o = m - -38. What is the highest common divisor of 9 and o?
9
Let y = -28 - -47. Calculate the highest common factor of y and 209.
19
Suppose 0 = -2*d + 5 + 11. Suppose -t - t = -d. Suppose -t*b = -263 + 55. What is the highest common factor of b and 13?
13
Let i be -4 - 154*-1*1. What is the highest common factor of i and 60?
30
Suppose g - 30 = -3. Calculate the highest common divisor of 81 and g.
27
Let h(s) = -53*s**3 + 9*s + 1 + 0 + 52*s**3 + 7*s**2. Let j be h(8). Calculate the greatest common divisor of j and 9.
9
Suppose 0 = -4*u + 3*m - 7*m + 16, -4*u - m = -10. Let t be 1 + (0 - 0) + 0. Let n be (-119)/(-2) + t/u. Calculate the highest common divisor of 12 and n.
12
Suppose -3*j = -1 - 8. Suppose 7 = j*l + 4*g - 27, -3*g = -3*l + 69. What is the highest common divisor of 198 and l?
18
Let p(c) = 2*c**2 - 12*c + 23. Let a be p(7). What is the highest common factor of a and 370?
37
Let p(b) = -b**3 - 6*b**2 + 8*b - 5. Let j be p(-7). Let y be 6/j - (-31)/2. Let t = y + -7. What is the highest common divisor of 40 and t?
8
Let i = 10 - -29. Suppose -5*h = 5*u - 120, 134 = -2*u + 7*u - 2*h. Calculate the greatest common divisor of i and u.
13
Let h(l) = 4*l**2 + 5*l - 5. Let a be h(-5). Calculate the highest common factor of a and 14.
14
Let v(c) = 33*c - 1. Let t be v(2). Calculate the highest common factor of t and 52.
13
Suppose 3*p - 4*a = 19, 6*a - a + 16 = -4*p. Let y = 15 - 11. Calculate the highest common factor of p and y.
1
Let a = 59 + -54. Calculate the highest common divisor of a and 5.
5
Let q(f) = 21*f - 3. Let x be q(3). Suppose -5*y + 214 = -2*k, -3*y - 2*k + 80 = -y. Let a = x - y. What is the greatest common factor of 2 and a?
2
Let q(k) = 3*k - 12. Let c be q(5). Suppose c*l - 7*l + 24 = 0. Calculate the highest common divisor of 18 and l.
6
Suppose -102 - 96 = -3*o. Calculate the greatest common factor of o and 99.
33
Let a = -39 + 69. Let q be -5*1*(-72)/a. Suppose 4*b = 8 + 8. Calculate the highest common divisor of q and b.
4
Let x = 38 - 18. Suppose s = -3*s + x. Calculate the greatest common divisor of s and 55.
5
Suppose 2*t = 25 + 17. What is the greatest common factor of 84 and t?
21
Suppose 2*a = 7*a. Let s be (-110)/(a + (-4)/2). Let p(q) = 21*q**2 - q. Let o be p(-1). Calculate the greatest common factor of o and s.
11
Suppose 3*x + 15 = 0, 2*k - 24 + 7 = -3*x. Calculate the greatest common factor of k and 144.
16
Let t = 14 - 4. Calculate the highest common factor of t and 50.
10
Suppose -3*j + 2*j + 4 = 0. Suppose 5 = -j*n + 41. What is the highest common divisor of n and 9?
9
Let m(j) = 39*j - 21. Let o be m(3). What is the highest common factor of 12 and o?
12
Suppose 0 = 2*o - 8, 2*o = 2*y + 3*o - 12. Suppose -5*a + a - y = 0. Let i be 2/(a*(0 - 1)). Calculate the highest common divisor of 14 and i.
2
Let h be ((-42)/((-3)/(-1)))/(-1). Let c = 8 + h. Calculate the greatest common factor of c and 55.
11
Suppose 0 = 5*b - 15 - 5. Suppose -4*s = 20, -2*s + b*s = 4*w - 330. Let o(i) = -4*i + 2. Let d be o(-2). Calculate the greatest common divisor of w and d.
10
Suppose -3*y + 4*y = 1. Let x = 1 - y. Suppose 5*w + x*w = 10. What is the highest common factor of 14 and w?
2
Suppose 2*b - 6 = -0*b. Suppose -k = -b*k + 150. Calculate the highest common factor of k and 30.
15
Suppose -1 - 39 = -5*o. What is the greatest common divisor of o and 8?
8
Let y(g) = -g - 1. Let z(f) = -4*f - 1. Let w be z(1). Let s be y(w). Let d be 2 + 0 + (3 - 1). Calculate the highest common divisor of d and s.
4
Let k(s) = -4*s - 6. Let z be k(-11). Calculate the highest common factor of 114 and z.
38
Let g(m) = 5*m + 36. Let c be g(17). Calculate the greatest common factor of 11 and c.
11
Let c = -2 - -3. Suppose -3*r = -7 - 2. Suppose 4*z + r*y = 43, -5*z + 2*y + 5 = -20. Calculate the highest common divisor of c and z.
1
Let m(b) = -5*b - 6. Let o be m(-6). Let x be (-321)/(-9) - -1*4/12. What is the 